1. Give l(1).
-7
Let b(t) = t**2 + 67*t + 373. What is b(-61)?
7
Let m(n) = 20*n - 376. Calculate m(19).
4
Let s(h) = -h**3 + 5*h**2 - 4*h - 12. Give s(4).
-12
Let k(w) = 2*w + 3. Calculate k(1).
5
Let o(y) = -7*y**2 - 4*y - 4. What is o(-2)?
-24
Let c(f) = f**2 + 15*f - 36. Give c(3).
18
Let v(i) = 4*i - 7. Give v(0).
-7
Let t(m) = -m**3 + 8*m**2 - 8*m - 28. What is t(6)?
-4
Let b(q) = -q**2 - 3*q - 9. Determine b(-6).
-27
Let j(w) = w**3 - 16*w**2 + 10*w - 152. Calculate j(16).
8
Let g(k) = k**2 + 2*k - 5. Calculate g(6).
43
Let l(t) = -4*t + 1. What is l(-5)?
21
Let u(z) = z**2 + 9*z + 6. What is u(-5)?
-14
Let l(q) = -3*q - 5. Give l(-3).
4
Let u(g) = g**2 - 9*g + 23. Give u(5).
3
Let w(q) = q**3 + 18*q**2 - 5*q - 72. Give w(-18).
18
Let o(j) = 9*j**2 + 2*j - 6. What is o(-2)?
26
Let f(y) = -11*y**2 + 68*y + 7. Calculate f(6).
19
Let i(w) = 3*w + 7. What is i(3)?
16
Let c(v) = v**2 + 16*v - 32. Determine c(-18).
4
Let f(g) = -3*g**3 + g - 1. Give f(1).
-3
Let x(o) = o**2 - 5*o - 3. Calculate x(3).
-9
Let h(t) = -4*t**2 - 8*t - 13. Calculate h(-6).
-109
Let f(l) = 5*l. Calculate f(4).
20
Let y(n) = 3*n**2 - 27*n + 6. Give y(9).
6
Let g(y) = -y**2 - 6*y - 5. What is g(-2)?
3
Let b(f) = f**3 + 6*f**2 + 6. Give b(-6).
6
Let s(o) = o**3 - 11*o**2 + 10*o - 3. Give s(10).
-3
Let f(w) = -w**3 - 14*w**2 - 14*w - 19. Calculate f(-13).
-6
Let z(q) = 4*q + 9. Give z(-2).
1
Let z(w) = 3*w + 24. Calculate z(-11).
-9
Let y(t) = t**3 + 15*t**2 + 23*t + 16. What is y(-13)?
55
Let l(x) = 2*x**2 - x - 3. Determine l(3).
12
Let s(o) = -o**2 + 9*o + 16. Determine s(11).
-6
Let g(v) = -10*v + 15. What is g(1)?
5
Let n(d) = 7*d**2 + 2*d + 3. Calculate n(3).
72
Let m(b) = -2*b**3 + 2*b**2 - 16. Calculate m(3).
-52
Let c(a) = a**3 + 7*a**2 - 15*a - 17. Determine c(-9).
-44
Let t(i) = 2*i**2 + 8*i + 2. Calculate t(-3).
-4
Let u(r) = r - 6. Calculate u(-3).
-9
Let o(t) = t**2 + 7*t + 3. Calculate o(-8).
11
Let f(d) = d**2 + 17*d + 17. Determine f(-16).
1
Let y(n) = -n**2 + 6*n + 14. What is y(9)?
-13
Let m(u) = 4*u + 47. What is m(-6)?
23
Let q(f) = 7*f + 156. Determine q(-11).
79
Let b(t) = t**3 - 9*t**2 + 9*t - 3. Determine b(4).
-47
Let d(y) = y**3 + 8*y**2 + 10*y + 1. Give d(-7).
-20
Let c(t) = 3*t**2 - 15*t - 8. Calculate c(6).
10
Let n(f) = -7*f - 47. Give n(-7).
2
Let c(q) = -4*q - 21. Calculate c(-6).
3
Let s(i) = 11*i**2 - i + 6. Give s(2).
48
Let y(b) = -8*b**3 - 4*b**2 - 2*b + 1. Calculate y(-2).
53
Let b(r) = -2*r**2 + 12*r - 3. Calculate b(4).
13
Let l(s) = s**3 - 3*s**2 - 8*s - 10. What is l(-2)?
-14
Let y(t) = t**3 - t**2 - 3*t + 8. What is y(-3)?
-19
Let g(t) = -2*t - 2. Determine g(4).
-10
Let b(d) = -14*d + 9. Calculate b(5).
-61
Let y(r) = -13*r - 53. Determine y(7).
-144
Let o(n) = 2*n**2 - 2*n + 15. Determine o(0).
15
Let w(t) = 2*t - 2. What is w(-6)?
-14
Let g(z) = -z**3 - 10*z**2 + 6*z + 33. Calculate g(-10).
-27
Let i(f) = f**3 - 14*f**2 + 12*f + 17. Determine i(13).
4
Let d(k) = k**2 - 57*k + 775. Calculate d(22).
5
Let n(r) = 2*r**2 + 14*r - 106. Determine n(5).
14
Let t(k) = -2*k**2 + 3*k + 3. What is t(5)?
-32
Let c(r) = -r**3 + 11*r**2 - 28*r + 1. Calculate c(5).
11
Let g(q) = q**3 + 2*q**2 - 5*q - 9. Give g(-3).
-3
Let h(u) = 3*u**2 - u - 1. Calculate h(2).
9
Let z(i) = -3*i - 6. Determine z(6).
-24
Let g(x) = 2*x**3 + 19*x**2 - 15. Give g(-10).
-115
Let t(p) = 2*p + 8. Give t(2).
12
Let h(i) = i**2 + 7*i + 8. What is h(-7)?
8
Let y(i) = 2*i + 6. What is y(-7)?
-8
Let i(s) = -213*s - 420. Determine i(-2).
6
Let w(t) = -8*t + 13. Calculate w(-3).
37
Let h(w) = -w**2 + 2*w + 4. Calculate h(-2).
-4
Let z(q) = 4*q + 151. What is z(-35)?
11
Let a(z) = 10*z + 32. What is a(-3)?
2
Let v(p) = -6*p + 80. What is v(7)?
38
Let k(r) = r**3 + 11*r**2 - 28*r - 24. Calculate k(-13).
2
Let n(o) = 2*o - 46. What is n(20)?
-6
Let i(t) = -t**2 - 2*t + 1. What is i(-3)?
-2
Let s(d) = d**3 - 26*d**2 - d + 22. What is s(26)?
-4
Let p(s) = 4*s**2 - 20*s + 20. Calculate p(1).
4
Let u(a) = a**2 - 5*a - 22. Determine u(7).
-8
Let j(d) = 2*d - 18. What is j(-6)?
-30
Let z(f) = -2*f**3 - 11*f**2 + 14*f + 7. What is z(-6)?
-41
Let s(q) = -q**2 - 3*q + 3. Give s(-7).
-25
Let k(a) = -2*a + 28. What is k(8)?
12
Let n(s) = s**3 - 9*s**2 + 8*s - 8. Calculate n(8).
-8
Let s(h) = -3*h - 12. Determine s(-7).
9
Let t(g) = g**2 - 7*g + 16. What is t(8)?
24
Let o(m) = -2*m**2 + 7*m - 16. Determine o(4).
-20
Let z(a) = -39*a + 159. Determine z(4).
3
Let g(z) = z**2 + 11*z + 17. Give g(-9).
-1
Let k(r) = -r**2 - 22*r - 34. Give k(-21).
-13
Let s(k) = 15*k**3 + k**2 + 7*k - 7. Give s(1).
16
Let a(u) = u**3 + 8*u**2 - 2*u + 59. Determine a(-9).
-4
Let o(z) = -z**3 - 11*z**2 - 11*z - 11. What is o(-10)?
-1
Let k(b) = b**2 - 14*b + 16. What is k(12)?
-8
Let o(x) = -x**3 - 9*x**2 + 12*x + 5. What is o(-9)?
-103
Let d(x) = -x**3 - 7*x**2 - 4*x + 6. Give d(-5).
-24
Let f(x) = -9*x + 7. Give f(6).
-47
Let f(t) = t**3 + 5*t**2 - 9*t - 5. Give f(-6).
13
Let s(a) = a**2 - 3*a - 7. Give s(-6).
47
Let x(d) = -2*d - 2. Give x(11).
-24
Let x(d) = d**2 - 17*d - 4. Calculate x(18).
14
Let o(k) = k**2 + 53*k + 2. Calculate o(-53).
2
Let v(p) = 5*p - 23. Calculate v(15).
52
Let v(w) = -w**2 + 11*w + 32. Calculate v(-4).
-28
Let q(z) = -112*z**3 + 3*z**2 - z - 2. Determine q(-1).
114
Let z(p) = 5*p - 7. Determine z(1).
-2
Let s(m) = -m**3 + 6*m**2 - m + 8. Determine s(6).
2
Let c(g) = 3*g**3 + 3*g**2 - 2*g - 2. What is c(2)?
30
Let b(t) = -t**3 - 7*t**2 - 9*t. Calculate b(-6).
18
Let r(f) = f**3 + 27*f**2 - 58*f - 6. Calculate r(-29).
-6
Let h(o) = -3*o**3 + o**2 + o. What is h(2)?
-18
Let z(u) = -28*u + 164. What is z(6)?
-4
Let x(y) = -y**2 - 3*y. Calculate x(-3).
0
Let l(o) = -7*o + 1. Give l(1).
-6
Let d(h) = h**3 - 5*h**2 + 3*h + 1. What is d(4)?
-3
Let l(u) = u + 19. What is l(12)?
31
Let b(a) = -a**2 + 45*a + 249. Determine b(-5).
-1
Let j(a) = 3*a**3 - 7*a**2 + 8*a + 1. Give j(2).
13
Let j(a) = a**3 - 12*a**2 + 2*a + 11. Give j(12).
35
Let y(n) = -n**3 - 12*n**2 + 19*n + 29. Calculate y(-13).
-49
Let x(z) = -45*z + 3. Calculate x(2).
-87
Let j(q) = q**3 + 10*q**2 - 10*q + 6. Give j(-11).
-5
Let s(k) = k**3 + 12*k**2 + 12*k + 3. What is s(-11)?
-8
Let t(s) = 8*s - 42. What is t(13)?
62
Let w(l) = -l**3 + 16*l**2 + 4*l - 23. Determine w(16).
41
Let j(v) = -21*v + 265. Give j(13).
-8
Let i(s) = 3*s**3 - 16*s**2 - 21*s + 65. Calculate i(6).
11
Let m(g) = -g**2 + 6*g - 3. Give m(4).
5
Let k(c) = c**2 + 8*c + 6. Calculate k(-7).
-1
Let x(c) = -5*c + 8. Give x(4).
-12
Let p(r) = -r**3 + 8*r**2 + r - 4. What is p(8)?
4
Let o(g) = -g**3 + 26*g**2 + 58*g - 52. Calculate o(28).
4
Let t(y) = -y**3 + 17*y**2 - 17*y + 15. What is t(16)?
-1
Let g(d) = -26*d - 57. Calculate g(-4).
47
Let h(y) = -y**3 - 8*y**2 - 8*y + 3. Determine h(-7).
10
Let q(b) = b**2 - 16*b - 166. Give q(23).
-5
Let x(m) = m**3 - m**2 + 1. What is x(-1)?
-1
Let u(d) = d**3 + 11*d**2 - 11*d - 2. What is u(-12)?
-14
Let v(k) = -k**3 + 43*k**2 - 48*k + 262. Calculate v(42).
10
Let x(i) = -i**3 + 9*i**2 + 3*i + 39. Give x(8).
127
Let f(t) = t**3 + 7*t**2 - 5*t + 2. Give f(-6).
68
Let m(r) = -14*r - 211. Give m(-16).
13
Let n(w) = 19*w**2 - 76*w + 4. Calculate n(4).
4
Let w(g) = -g + 9. What is w(12)?
-3
Let m(a) = -40*a**3 + 3*a**2 - 2*a + 1. Determine m(1).
-38
Let s(h) = h**2 - 7*h - 9. Determine s(9).
9
Let i(b) = 13*b - 7. Determine i(8).
97
Let w(f) = 2*f**2 - 2*f + 3. What is w(-3)?
27
Let t(w) = 3*w**2 + 6*w - 4. Calculate t(0).
-4
Let z(r) = -7*r**3 - r**2 - r + 1. Give z(1).
-8
Let n(l) = l**2 + 6*l + 2. Give n(-6).
2
Let q(y) = -6*y + 3. Calculate q(15).
-87
Let y(u) = u. What is y(4)?
4
Let v(l) = -3*l**2 + 5*l + 4. Calculate v(3).
-8
Let v(n) = n**2 - 11*n + 27. Calculate v(7).
-1
Let w(r) = r**3 + 5*r**2 - 6*r + 2. Determine w(-6).
2
Let r(y) = 4*y + 3. Give r(-6).
-21
Let j(z) = -3*z**2 - 35*z + 51. Give j(-13).
-1
Let m(d) = -d**2 - 5*d + 18. Calculate m(3).
-6
Let x(y) = 6*y + 37. Give x(-4).
13
Let k(b) = -b**3 + 3*b**2 + 6*b - 3. What is k(4)?
5
Let z(y) = y - 15. What is z(-6)?
-21
Let n(b) = b**3 + 4*b**2 + 2*b + 2. Calculate n(-4).
-6
Let i(l) = l**3 - 6*l**2 - 2*l + 13. Give i(7).
48
Let s(b) = b**2 - 22*b + 60. Determine s(19).
3
Let p(v) = -v**3 - 12*v**2 + v + 12. Calculate p(-12).
0
Let i(t) = -31*t - 61. 